{"id":2412,"date":"2023-04-24T16:10:35","date_gmt":"2023-04-24T16:10:35","guid":{"rendered":"https:\/\/www.medheus.uevora.pt\/?page_id=2412"},"modified":"2023-04-24T16:11:08","modified_gmt":"2023-04-24T16:11:08","slug":"kick-off-meeting","status":"publish","type":"page","link":"https:\/\/www.medheus.uevora.pt\/index.php\/events\/kick-off-meeting\/","title":{"rendered":"\u00a0Kick-off meeting"},"content":{"rendered":"\n<div class=\"wp-block-media-text is-stacked-on-mobile\" style=\"grid-template-columns:42% auto\"><figure class=\"wp-block-media-text__media\"><img loading=\"lazy\" decoding=\"async\" width=\"1024\" height=\"703\" src=\"https:\/\/www.medheus.uevora.pt\/wp-content\/uploads\/2023\/04\/sonia1-1024x703.jpg\" alt=\"\" class=\"wp-image-2415 size-full\" srcset=\"https:\/\/www.medheus.uevora.pt\/wp-content\/uploads\/2023\/04\/sonia1-1024x703.jpg 1024w, https:\/\/www.medheus.uevora.pt\/wp-content\/uploads\/2023\/04\/sonia1-300x206.jpg 300w, https:\/\/www.medheus.uevora.pt\/wp-content\/uploads\/2023\/04\/sonia1-768x527.jpg 768w, https:\/\/www.medheus.uevora.pt\/wp-content\/uploads\/2023\/04\/sonia1-1536x1055.jpg 1536w, https:\/\/www.medheus.uevora.pt\/wp-content\/uploads\/2023\/04\/sonia1-2048x1406.jpg 2048w\" sizes=\"auto, (max-width: 1024px) 100vw, 1024px\" \/><\/figure><div class=\"wp-block-media-text__content\">\n<p>The MEDHEUS project was presented on 10 February 2023 at the University of \u00c9vora.<br><strong>The event was attended by the project team and aimed to present the objectives and activities that will be developed throughout the project.<\/strong><br>The opening session was attended by the Vice-Rector for Research, Innovation and Internationalisation, Professor Paulo Quaresma; the Director of the IIFA (Institute for Research and Advanced Training), Professor Rui Salgado; and the Director of CIDEHUS (Interdisciplinary Centre of History, Cultures and Societies), Professor Fernanda Olival.<\/p>\n<\/div><\/div>\n\n\n\n<p><br>The session was chaired by Professor Filipe Themudo Barata, former professor of History and Cultural Heritage at the University of \u00c9vora and former holder of the UNESCO Chair in Intangible Heritage at the University of \u00c9vora.<br>The presentation of the project was made by the coordinator, S\u00f3nia Bombico, followed by the first Keynote Lecture, given by Cyril Isnart, director of IDEMEC (Institut d&#8217;Ethnologie M\u00e9diterran\u00e9enne, Europ\u00e9enne et Comparative) of the CNRS, Aix-Marseille Universit\u00e9.<br>Among the guests invited for the event were representatives of the European Commission in Portugal, among other representatives of partner entities and local and regional stakeholders.<\/p>\n\n\n\n<figure class=\"wp-block-gallery has-nested-images columns-default is-cropped wp-block-gallery-1 is-layout-flex wp-block-gallery-is-layout-flex\">\n<figure class=\"wp-block-image size-large\"><img loading=\"lazy\" decoding=\"async\" width=\"1024\" height=\"629\" data-id=\"2418\" src=\"https:\/\/www.medheus.uevora.pt\/wp-content\/uploads\/2023\/04\/medehus05-1024x629.jpg\" alt=\"\" class=\"wp-image-2418\" srcset=\"https:\/\/www.medheus.uevora.pt\/wp-content\/uploads\/2023\/04\/medehus05-1024x629.jpg 1024w, https:\/\/www.medheus.uevora.pt\/wp-content\/uploads\/2023\/04\/medehus05-300x184.jpg 300w, https:\/\/www.medheus.uevora.pt\/wp-content\/uploads\/2023\/04\/medehus05-768x471.jpg 768w, https:\/\/www.medheus.uevora.pt\/wp-content\/uploads\/2023\/04\/medehus05-1536x943.jpg 1536w, https:\/\/www.medheus.uevora.pt\/wp-content\/uploads\/2023\/04\/medehus05-2048x1257.jpg 2048w\" sizes=\"auto, (max-width: 1024px) 100vw, 1024px\" \/><figcaption class=\"wp-element-caption\">MEDHEUS presentation event<\/figcaption><\/figure>\n\n\n\n<figure class=\"wp-block-image size-large\"><img loading=\"lazy\" decoding=\"async\" width=\"1024\" height=\"678\" data-id=\"2421\" src=\"https:\/\/www.medheus.uevora.pt\/wp-content\/uploads\/2023\/04\/medehus07-1024x678.jpg\" alt=\"\" class=\"wp-image-2421\" srcset=\"https:\/\/www.medheus.uevora.pt\/wp-content\/uploads\/2023\/04\/medehus07-1024x678.jpg 1024w, https:\/\/www.medheus.uevora.pt\/wp-content\/uploads\/2023\/04\/medehus07-300x199.jpg 300w, https:\/\/www.medheus.uevora.pt\/wp-content\/uploads\/2023\/04\/medehus07-768x508.jpg 768w, https:\/\/www.medheus.uevora.pt\/wp-content\/uploads\/2023\/04\/medehus07-1536x1016.jpg 1536w, https:\/\/www.medheus.uevora.pt\/wp-content\/uploads\/2023\/04\/medehus07-2048x1355.jpg 2048w\" sizes=\"auto, (max-width: 1024px) 100vw, 1024px\" \/><figcaption class=\"wp-element-caption\">Opening session<\/figcaption><\/figure>\n\n\n\n<figure class=\"wp-block-image size-large\"><img loading=\"lazy\" decoding=\"async\" width=\"1024\" height=\"638\" data-id=\"2427\" src=\"https:\/\/www.medheus.uevora.pt\/wp-content\/uploads\/2023\/04\/medehus08-1024x638.jpg\" alt=\"\" class=\"wp-image-2427\" srcset=\"https:\/\/www.medheus.uevora.pt\/wp-content\/uploads\/2023\/04\/medehus08-1024x638.jpg 1024w, https:\/\/www.medheus.uevora.pt\/wp-content\/uploads\/2023\/04\/medehus08-300x187.jpg 300w, https:\/\/www.medheus.uevora.pt\/wp-content\/uploads\/2023\/04\/medehus08-768x479.jpg 768w, https:\/\/www.medheus.uevora.pt\/wp-content\/uploads\/2023\/04\/medehus08-1536x957.jpg 1536w, https:\/\/www.medheus.uevora.pt\/wp-content\/uploads\/2023\/04\/medehus08-2048x1276.jpg 2048w\" sizes=\"auto, (max-width: 1024px) 100vw, 1024px\" \/><figcaption class=\"wp-element-caption\">Prof. Filipe Themudo Barata<\/figcaption><\/figure>\n\n\n\n<figure class=\"wp-block-image size-large\"><img loading=\"lazy\" decoding=\"async\" width=\"1024\" height=\"645\" data-id=\"2424\" src=\"https:\/\/www.medheus.uevora.pt\/wp-content\/uploads\/2023\/04\/medehus11-1024x645.jpg\" alt=\"\" class=\"wp-image-2424\" srcset=\"https:\/\/www.medheus.uevora.pt\/wp-content\/uploads\/2023\/04\/medehus11-1024x645.jpg 1024w, https:\/\/www.medheus.uevora.pt\/wp-content\/uploads\/2023\/04\/medehus11-300x189.jpg 300w, https:\/\/www.medheus.uevora.pt\/wp-content\/uploads\/2023\/04\/medehus11-768x483.jpg 768w, https:\/\/www.medheus.uevora.pt\/wp-content\/uploads\/2023\/04\/medehus11-1536x967.jpg 1536w, https:\/\/www.medheus.uevora.pt\/wp-content\/uploads\/2023\/04\/medehus11-2048x1289.jpg 2048w\" sizes=\"auto, (max-width: 1024px) 100vw, 1024px\" \/><figcaption class=\"wp-element-caption\">Keynote Lecture by Cyril Isnart<\/figcaption><\/figure>\n<\/figure>\n\n\n\n<div style=\"height:100px\" aria-hidden=\"true\" class=\"wp-block-spacer\"><\/div>\n","protected":false},"excerpt":{"rendered":"<p>The MEDHEUS project was presented on 10 February 2023 at the University of \u00c9vora.The event was attended by the project team and aimed to present the objectives and activities that will be developed throughout the project.The opening session was attended by the Vice-Rector for Research, Innovation and Internationalisation, Professor Paulo Quaresma; the Director of the&hellip;&nbsp;<a href=\"https:\/\/www.medheus.uevora.pt\/index.php\/events\/kick-off-meeting\/\" class=\"\" rel=\"bookmark\">Ler mais &raquo;<span class=\"screen-reader-text\">\u00a0Kick-off meeting<\/span><\/a><\/p>\n","protected":false},"author":1,"featured_media":0,"parent":199,"menu_order":0,"comment_status":"closed","ping_status":"closed","template":"","meta":{"neve_meta_sidebar":"","neve_meta_container":"","neve_meta_enable_content_width":"","neve_meta_content_width":0,"neve_meta_title_alignment":"","neve_meta_author_avatar":"","neve_post_elements_order":"","neve_meta_disable_header":"","neve_meta_disable_footer":"","neve_meta_disable_title":"","footnotes":""},"class_list":["post-2412","page","type-page","status-publish","hentry"],"_links":{"self":[{"href":"https:\/\/www.medheus.uevora.pt\/index.php\/wp-json\/wp\/v2\/pages\/2412","targetHints":{"allow":["GET"]}}],"collection":[{"href":"https:\/\/www.medheus.uevora.pt\/index.php\/wp-json\/wp\/v2\/pages"}],"about":[{"href":"https:\/\/www.medheus.uevora.pt\/index.php\/wp-json\/wp\/v2\/types\/page"}],"author":[{"embeddable":true,"href":"https:\/\/www.medheus.uevora.pt\/index.php\/wp-json\/wp\/v2\/users\/1"}],"replies":[{"embeddable":true,"href":"https:\/\/www.medheus.uevora.pt\/index.php\/wp-json\/wp\/v2\/comments?post=2412"}],"version-history":[{"count":2,"href":"https:\/\/www.medheus.uevora.pt\/index.php\/wp-json\/wp\/v2\/pages\/2412\/revisions"}],"predecessor-version":[{"id":2436,"href":"https:\/\/www.medheus.uevora.pt\/index.php\/wp-json\/wp\/v2\/pages\/2412\/revisions\/2436"}],"up":[{"embeddable":true,"href":"https:\/\/www.medheus.uevora.pt\/index.php\/wp-json\/wp\/v2\/pages\/199"}],"wp:attachment":[{"href":"https:\/\/www.medheus.uevora.pt\/index.php\/wp-json\/wp\/v2\/media?parent=2412"}],"curies":[{"name":"wp","href":"https:\/\/api.w.org\/{rel}","templated":true}]}}

<div class="wp-block-media-text is-stacked-on-mobile" style="grid-template-columns:42% auto"><figure class="wp-block-media-text__media"><img loading="lazy" decoding="async" width="1024" height="703" src="https://www.medheus.uevora.pt/wp-content/uploads/2023/04/sonia1-1024x703.jpg" alt="" class="wp-image-2415 size-full" srcset="https://www.medheus.uevora.pt/wp-content/uploads/2023/04/sonia1-1024x703.jpg 1024w, https://www.medheus.uevora.pt/wp-content/uploads/2023/04/sonia1-300x206.jpg 300w, https://www.medheus.uevora.pt/wp-content/uploads/2023/04/sonia1-768x527.jpg 768w, https://www.medheus.uevora.pt/wp-content/uploads/2023/04/sonia1-1536x1055.jpg 1536w, https://www.medheus.uevora.pt/wp-content/uploads/2023/04/sonia1-2048x1406.jpg 2048w" sizes="auto, (max-width: 1024px) 100vw, 1024px" /></figure><div class="wp-block-media-text__content">
<p>The MEDHEUS project was presented on 10 February 2023 at the University of Évora.<br><strong>The event was attended by the project team and aimed to present the objectives and activities that will be developed throughout the project.</strong><br>The opening session was attended by the Vice-Rector for Research, Innovation and Internationalisation, Professor Paulo Quaresma; the Director of the IIFA (Institute for Research and Advanced Training), Professor Rui Salgado; and the Director of CIDEHUS (Interdisciplinary Centre of History, Cultures and Societies), Professor Fernanda Olival.</p>
</div></div>



<p><br>The session was chaired by Professor Filipe Themudo Barata, former professor of History and Cultural Heritage at the University of Évora and former holder of the UNESCO Chair in Intangible Heritage at the University of Évora.<br>The presentation of the project was made by the coordinator, Sónia Bombico, followed by the first Keynote Lecture, given by Cyril Isnart, director of IDEMEC (Institut d&#8217;Ethnologie Méditerranéenne, Européenne et Comparative) of the CNRS, Aix-Marseille Université.<br>Among the guests invited for the event were representatives of the European Commission in Portugal, among other representatives of partner entities and local and regional stakeholders.</p>



<figure class="wp-block-gallery has-nested-images columns-default is-cropped wp-block-gallery-1 is-layout-flex wp-block-gallery-is-layout-flex">
<figure class="wp-block-image size-large"><img loading="lazy" decoding="async" width="1024" height="629" data-id="2418" src="https://www.medheus.uevora.pt/wp-content/uploads/2023/04/medehus05-1024x629.jpg" alt="" class="wp-image-2418" srcset="https://www.medheus.uevora.pt/wp-content/uploads/2023/04/medehus05-1024x629.jpg 1024w, https://www.medheus.uevora.pt/wp-content/uploads/2023/04/medehus05-300x184.jpg 300w, https://www.medheus.uevora.pt/wp-content/uploads/2023/04/medehus05-768x471.jpg 768w, https://www.medheus.uevora.pt/wp-content/uploads/2023/04/medehus05-1536x943.jpg 1536w, https://www.medheus.uevora.pt/wp-content/uploads/2023/04/medehus05-2048x1257.jpg 2048w" sizes="auto, (max-width: 1024px) 100vw, 1024px" /><figcaption class="wp-element-caption">MEDHEUS presentation event</figcaption></figure>



<figure class="wp-block-image size-large"><img loading="lazy" decoding="async" width="1024" height="678" data-id="2421" src="https://www.medheus.uevora.pt/wp-content/uploads/2023/04/medehus07-1024x678.jpg" alt="" class="wp-image-2421" srcset="https://www.medheus.uevora.pt/wp-content/uploads/2023/04/medehus07-1024x678.jpg 1024w, https://www.medheus.uevora.pt/wp-content/uploads/2023/04/medehus07-300x199.jpg 300w, https://www.medheus.uevora.pt/wp-content/uploads/2023/04/medehus07-768x508.jpg 768w, https://www.medheus.uevora.pt/wp-content/uploads/2023/04/medehus07-1536x1016.jpg 1536w, https://www.medheus.uevora.pt/wp-content/uploads/2023/04/medehus07-2048x1355.jpg 2048w" sizes="auto, (max-width: 1024px) 100vw, 1024px" /><figcaption class="wp-element-caption">Opening session</figcaption></figure>



<figure class="wp-block-image size-large"><img loading="lazy" decoding="async" width="1024" height="638" data-id="2427" src="https://www.medheus.uevora.pt/wp-content/uploads/2023/04/medehus08-1024x638.jpg" alt="" class="wp-image-2427" srcset="https://www.medheus.uevora.pt/wp-content/uploads/2023/04/medehus08-1024x638.jpg 1024w, https://www.medheus.uevora.pt/wp-content/uploads/2023/04/medehus08-300x187.jpg 300w, https://www.medheus.uevora.pt/wp-content/uploads/2023/04/medehus08-768x479.jpg 768w, https://www.medheus.uevora.pt/wp-content/uploads/2023/04/medehus08-1536x957.jpg 1536w, https://www.medheus.uevora.pt/wp-content/uploads/2023/04/medehus08-2048x1276.jpg 2048w" sizes="auto, (max-width: 1024px) 100vw, 1024px" /><figcaption class="wp-element-caption">Prof. Filipe Themudo Barata</figcaption></figure>



<figure class="wp-block-image size-large"><img loading="lazy" decoding="async" width="1024" height="645" data-id="2424" src="https://www.medheus.uevora.pt/wp-content/uploads/2023/04/medehus11-1024x645.jpg" alt="" class="wp-image-2424" srcset="https://www.medheus.uevora.pt/wp-content/uploads/2023/04/medehus11-1024x645.jpg 1024w, https://www.medheus.uevora.pt/wp-content/uploads/2023/04/medehus11-300x189.jpg 300w, https://www.medheus.uevora.pt/wp-content/uploads/2023/04/medehus11-768x483.jpg 768w, https://www.medheus.uevora.pt/wp-content/uploads/2023/04/medehus11-1536x967.jpg 1536w, https://www.medheus.uevora.pt/wp-content/uploads/2023/04/medehus11-2048x1289.jpg 2048w" sizes="auto, (max-width: 1024px) 100vw, 1024px" /><figcaption class="wp-element-caption">Keynote Lecture by Cyril Isnart</figcaption></figure>
</figure>



<div style="height:100px" aria-hidden="true" class="wp-block-spacer"></div>

<p>The MEDHEUS project was presented on 10 February 2023 at the University of Évora.The event was attended by the project team and aimed to present the objectives and activities that will be developed throughout the project.The opening session was attended by the Vice-Rector for Research, Innovation and Internationalisation, Professor Paulo Quaresma; the Director of the&hellip;&nbsp;<a href="https://www.medheus.uevora.pt/index.php/events/kick-off-meeting/" class="" rel="bookmark">Ler mais &raquo;<span class="screen-reader-text"> Kick-off meeting</span></a></p>
