{"id":2288,"date":"2023-02-04T02:15:47","date_gmt":"2023-02-04T02:15:47","guid":{"rendered":"https:\/\/www.medheus.uevora.pt\/?page_id=2288"},"modified":"2023-10-06T11:53:21","modified_gmt":"2023-10-06T11:53:21","slug":"clipping","status":"publish","type":"page","link":"https:\/\/www.medheus.uevora.pt\/index.php\/clipping\/","title":{"rendered":"Clipping"},"content":{"rendered":"\n<div style=\"height:40px\" aria-hidden=\"true\" class=\"wp-block-spacer\"><\/div>\n\n\n\n<p>This section will list news about the project published in newspapers, magazines, websites and other media.<\/p>\n\n\n\n<div style=\"height:30px\" aria-hidden=\"true\" class=\"wp-block-spacer\"><\/div>\n\n\n\n<h4 class=\"wp-block-heading has-neve-link-color-color has-text-color\">U\u00c9 abre candidaturas para curso de forma\u00e7\u00e3o \u201cPatrim\u00f3nio Cultural Mediterr\u00e2nico e Pol\u00edticas Europeias\u201d<\/h4>\n\n\n\n<p>O estudo das pol\u00edticas europeias para o patrim\u00f3nio cultural \u00e9 o tema de um curso de forma\u00e7\u00e3o que vai ser ministrado na Universidade de \u00c9vora (U\u00c9) entre setembro e dezembro, no \u00e2mbito do projeto MEDHEUS \u2013 Patrim\u00f3nio Cultural Mediterr\u00e2neo e Pol\u00edticas Europeias.<\/p>\n\n\n\n<p><em><a href=\"https:\/\/diariodosul.pt\/2023\/08\/07\/ue-abre-candidaturas-para-curso-de-formacao-patrimonio-cultural-mediterranico-e-politicas-europeias\/?fbclid=IwAR21Q4eOEY_xoaE42JDFs4M9eD7MLFDQreAM872gwoUqMOkS8rDmax4Ln6U\" data-type=\"link\" data-id=\"https:\/\/diariodosul.pt\/2023\/08\/07\/ue-abre-candidaturas-para-curso-de-formacao-patrimonio-cultural-mediterranico-e-politicas-europeias\/?fbclid=IwAR21Q4eOEY_xoaE42JDFs4M9eD7MLFDQreAM872gwoUqMOkS8rDmax4Ln6U\">Di\u00e1rio do Sul <\/a>| August 07, 2023<\/em><\/p>\n\n\n\n<hr class=\"wp-block-separator has-alpha-channel-opacity\"\/>\n\n\n\n<h4 class=\"wp-block-heading has-neve-link-color-color has-text-color\">90 Segundos de Ci\u00eancia | EP. 1499 | S\u00d3NIA BOMBICO \u2013 Projeto MEDHEUS estuda o impacto das iniciativas da Uni\u00e3o Europeia na promo\u00e7\u00e3o da Heran\u00e7a Cultural do Mediterr\u00e2neo<\/h4>\n\n\n\n<p>Este projeto vai olhar para o impacto das pol\u00edticas europeias na preserva\u00e7\u00e3o e promo\u00e7\u00e3o da heran\u00e7a cultural do mediterr\u00e2neo. S\u00f3nia Bombico, investigadora no&nbsp;CIDEHUS&nbsp;\u2013 Centro Interdisciplinar de Hist\u00f3ria, Culturas e Sociedades da Universidade de \u00c9vora (U\u00c9), coordena o projeto&nbsp;MEDHEUS&nbsp;com o objetivo de estudar e promover o conhecimento sobre as pol\u00edticas europeias para o patrim\u00f3nio cultural da regi\u00e3o mediterr\u00e2nica.<\/p>\n\n\n\n<p><em><a href=\"https:\/\/www.90segundosdeciencia.pt\/episodes\/ep-1499-sonia-bombico\/\">90 segundos de ci\u00eancia<\/a> (Antena 1) | February 23, 2023<\/em><\/p>\n\n\n\n<hr class=\"wp-block-separator has-alpha-channel-opacity\"\/>\n\n\n\n<h4 class=\"wp-block-heading has-neve-link-color-color has-text-color\"><strong>Mediterranean Cultural Heritage in EU Policies, a talk with Sonia Bombico, researcher at the University of \u00c9vora<\/strong><\/h4>\n\n\n\n<p>Discover the significance of Mediterranean Cultural Heritage in EU policies! We have talked about it with Sonia Bombico, researcher at the Universidade de \u00c9vora. Get an inside look at the MEDHEUS project, a comprehensive 3-year teaching program exploring European policies for the preservation &amp; promotion of the Mediterranean Cultural Heritage.<\/p>\n\n\n\n<p><em><a href=\"https:\/\/www.uni-med.net\/news\/mediterranean-cultural-heritage-in-eu-policies-a-talk-with-sonia-bombico-researcher-at-the-university-of-evora\/\">UNIMED News<\/a> | February 8, 2023<\/em><\/p>\n\n\n\n<hr class=\"wp-block-separator has-alpha-channel-opacity\"\/>\n\n\n\n<h4 class=\"wp-block-heading has-neve-link-color-color has-text-color\">Projeto MEDHEUS apresentado na U\u00c9<\/h4>\n\n\n\n<p>No dia 10 de fevereiro, teve lugar, na Sala dos Docentes do Col\u00e9gio do Esp\u00edrito Santo, a apresenta\u00e7\u00e3o do projeto MEDHEUS &#8211; Mediterranean Cultural Heritage in EU Policies. <\/p>\n\n\n\n<p><em><a href=\"https:\/\/www.uevora.pt\/ue-media\/A-Segunda\/Edicao-45\">\u00c0 Segunda<\/a> (Universidade de \u00c9vora, Boletim Noticioso), p\u00e1g.9 | February 13, 2023<\/em><\/p>\n\n\n\n<hr class=\"wp-block-separator has-alpha-channel-opacity\"\/>\n","protected":false},"excerpt":{"rendered":"<p>This section will list news about the project published in newspapers, magazines, websites and other media. U\u00c9 abre candidaturas para curso de forma\u00e7\u00e3o \u201cPatrim\u00f3nio Cultural Mediterr\u00e2nico e Pol\u00edticas Europeias\u201d O estudo das pol\u00edticas europeias para o patrim\u00f3nio cultural \u00e9 o tema de um curso de forma\u00e7\u00e3o que vai ser ministrado na Universidade de \u00c9vora (U\u00c9)&hellip;&nbsp;<a href=\"https:\/\/www.medheus.uevora.pt\/index.php\/clipping\/\" class=\"\" rel=\"bookmark\">Ler mais &raquo;<span class=\"screen-reader-text\">Clipping<\/span><\/a><\/p>\n","protected":false},"author":1,"featured_media":0,"parent":0,"menu_order":0,"comment_status":"closed","ping_status":"closed","template":"","meta":{"neve_meta_sidebar":"","neve_meta_container":"","neve_meta_enable_content_width":"","neve_meta_content_width":0,"neve_meta_title_alignment":"","neve_meta_author_avatar":"","neve_post_elements_order":"","neve_meta_disable_header":"","neve_meta_disable_footer":"","neve_meta_disable_title":"","footnotes":""},"class_list":["post-2288","page","type-page","status-publish","hentry"],"_links":{"self":[{"href":"https:\/\/www.medheus.uevora.pt\/index.php\/wp-json\/wp\/v2\/pages\/2288","targetHints":{"allow":["GET"]}}],"collection":[{"href":"https:\/\/www.medheus.uevora.pt\/index.php\/wp-json\/wp\/v2\/pages"}],"about":[{"href":"https:\/\/www.medheus.uevora.pt\/index.php\/wp-json\/wp\/v2\/types\/page"}],"author":[{"embeddable":true,"href":"https:\/\/www.medheus.uevora.pt\/index.php\/wp-json\/wp\/v2\/users\/1"}],"replies":[{"embeddable":true,"href":"https:\/\/www.medheus.uevora.pt\/index.php\/wp-json\/wp\/v2\/comments?post=2288"}],"version-history":[{"count":8,"href":"https:\/\/www.medheus.uevora.pt\/index.php\/wp-json\/wp\/v2\/pages\/2288\/revisions"}],"predecessor-version":[{"id":2767,"href":"https:\/\/www.medheus.uevora.pt\/index.php\/wp-json\/wp\/v2\/pages\/2288\/revisions\/2767"}],"wp:attachment":[{"href":"https:\/\/www.medheus.uevora.pt\/index.php\/wp-json\/wp\/v2\/media?parent=2288"}],"curies":[{"name":"wp","href":"https:\/\/api.w.org\/{rel}","templated":true}]}}

<div style="height:40px" aria-hidden="true" class="wp-block-spacer"></div>



<p>This section will list news about the project published in newspapers, magazines, websites and other media.</p>



<div style="height:30px" aria-hidden="true" class="wp-block-spacer"></div>



<h4 class="wp-block-heading has-neve-link-color-color has-text-color">UÉ abre candidaturas para curso de formação “Património Cultural Mediterrânico e Políticas Europeias”</h4>



<p>O estudo das políticas europeias para o património cultural é o tema de um curso de formação que vai ser ministrado na Universidade de Évora (UÉ) entre setembro e dezembro, no âmbito do projeto MEDHEUS – Património Cultural Mediterrâneo e Políticas Europeias.</p>



<p><em><a href="https://diariodosul.pt/2023/08/07/ue-abre-candidaturas-para-curso-de-formacao-patrimonio-cultural-mediterranico-e-politicas-europeias/?fbclid=IwAR21Q4eOEY_xoaE42JDFs4M9eD7MLFDQreAM872gwoUqMOkS8rDmax4Ln6U" data-type="link" data-id="https://diariodosul.pt/2023/08/07/ue-abre-candidaturas-para-curso-de-formacao-patrimonio-cultural-mediterranico-e-politicas-europeias/?fbclid=IwAR21Q4eOEY_xoaE42JDFs4M9eD7MLFDQreAM872gwoUqMOkS8rDmax4Ln6U">Diário do Sul </a>| August 07, 2023</em></p>



<hr class="wp-block-separator has-alpha-channel-opacity"/>



<h4 class="wp-block-heading has-neve-link-color-color has-text-color">90 Segundos de Ciência | EP. 1499 | SÓNIA BOMBICO – Projeto MEDHEUS estuda o impacto das iniciativas da União Europeia na promoção da Herança Cultural do Mediterrâneo</h4>



<p>Este projeto vai olhar para o impacto das políticas europeias na preservação e promoção da herança cultural do mediterrâneo. Sónia Bombico, investigadora no&nbsp;CIDEHUS&nbsp;– Centro Interdisciplinar de História, Culturas e Sociedades da Universidade de Évora (UÉ), coordena o projeto&nbsp;MEDHEUS&nbsp;com o objetivo de estudar e promover o conhecimento sobre as políticas europeias para o património cultural da região mediterrânica.</p>



<p><em><a href="https://www.90segundosdeciencia.pt/episodes/ep-1499-sonia-bombico/">90 segundos de ciência</a> (Antena 1) | February 23, 2023</em></p>



<hr class="wp-block-separator has-alpha-channel-opacity"/>



<h4 class="wp-block-heading has-neve-link-color-color has-text-color"><strong>Mediterranean Cultural Heritage in EU Policies, a talk with Sonia Bombico, researcher at the University of Évora</strong></h4>



<p>Discover the significance of Mediterranean Cultural Heritage in EU policies! We have talked about it with Sonia Bombico, researcher at the Universidade de Évora. Get an inside look at the MEDHEUS project, a comprehensive 3-year teaching program exploring European policies for the preservation &amp; promotion of the Mediterranean Cultural Heritage.</p>



<p><em><a href="https://www.uni-med.net/news/mediterranean-cultural-heritage-in-eu-policies-a-talk-with-sonia-bombico-researcher-at-the-university-of-evora/">UNIMED News</a> | February 8, 2023</em></p>



<hr class="wp-block-separator has-alpha-channel-opacity"/>



<h4 class="wp-block-heading has-neve-link-color-color has-text-color">Projeto MEDHEUS apresentado na UÉ</h4>



<p>No dia 10 de fevereiro, teve lugar, na Sala dos Docentes do Colégio do Espírito Santo, a apresentação do projeto MEDHEUS &#8211; Mediterranean Cultural Heritage in EU Policies. </p>



<p><em><a href="https://www.uevora.pt/ue-media/A-Segunda/Edicao-45">À Segunda</a> (Universidade de Évora, Boletim Noticioso), pág.9 | February 13, 2023</em></p>



<hr class="wp-block-separator has-alpha-channel-opacity"/>

<p>This section will list news about the project published in newspapers, magazines, websites and other media. UÉ abre candidaturas para curso de formação “Património Cultural Mediterrânico e Políticas Europeias” O estudo das políticas europeias para o património cultural é o tema de um curso de formação que vai ser ministrado na Universidade de Évora (UÉ)&hellip;&nbsp;<a href="https://www.medheus.uevora.pt/index.php/clipping/" class="" rel="bookmark">Ler mais &raquo;<span class="screen-reader-text">Clipping</span></a></p>
